ghest common divisor of n and q?
2
Suppose -2*g + 146 = 3*x + 2, 302 = 4*g - x. What is the highest common divisor of 45 and g?
15
Let c = -12 + 15. Suppose -310 = -5*z - 5*t, 0 = c*t + 1 - 10. Let r = 122 - z. What is the highest common factor of r and 7?
7
Suppose -3*x = -5*w + 1446, 0 = w - 3*x - 203 - 91. Calculate the greatest common divisor of w and 36.
36
Let g = -216 + 231. Calculate the greatest common divisor of 330 and g.
15
Let k = 33 - 29. Suppose -126 - 224 = -4*d - 2*z, 0 = -k*d - 4*z + 340. What is the highest common divisor of d and 60?
30
Let i(g) = -g**3 - 13*g**2 + 13*g - 13. Let r be i(-14). Let h = 2 + r. Suppose -h*t + 18 = -9. What is the highest common factor of 72 and t?
9
Let o(t) = 4*t - 2. Suppose -2 = -4*g + 2. Let s be o(g). Let z be (-1)/(s/4) - -35. What is the highest common factor of z and 22?
11
Suppose 29 = 3*h + y, -4*h - 15*y + 12 = -19*y. Calculate the greatest common factor of 16 and h.
8
Suppose -2090 = -3*w + 4*i, w + i + 4*i = 665. What is the highest common factor of w and 150?
30
Let x be (-8)/10 - 48/(-10). Calculate the greatest common divisor of 98 and x.
2
Suppose 5*a + 55 = 5*c, -6*c + 3*a + 65 = -c. Let p(g) = 16*g**3 + g**2 + 11*g - 12. Let y be p(1). Calculate the greatest common factor of y and c.
16
Suppose 258 = 2*o - 4*u + 22, 3*o + 2*u = 314. Suppose 10*x = 13*x - o. Calculate the greatest common factor of x and 45.
9
Let l(f) = 3*f**2 + 12*f - 143. Let b be l(17). Calculate the greatest common factor of b and 29.
29
Let q = 48 - 78. Let k be (-4)/12*0 - q. Calculate the greatest common factor of 45 and k.
15
Let s be ((-48)/(-18))/(1/18). Let w be -40*(-1)/(3 - 5). Let a be (-65)/(-4) + 5/w. What is the highest common factor of a and s?
16
Let z = 6 + 3. Let i(s) = -2*s**3 + 2*s + 4. Let t be i(-2). Let d be (72/(-21))/(t/(-168)). Calculate the highest common divisor of d and z.
9
Suppose -7*t = 25*t - 5760. Calculate the highest common factor of t and 6.
6
Let w(y) = -4*y + 6. Let p be w(-3). Suppose 0 = -3*i - 2*q - 4 + 2, -i = 5*q + p. Suppose i*m - 36 = -0*m. Calculate the highest common divisor of 18 and m.
18
Let a = -335 + 560. Let f = 204 - 179. Calculate the greatest common divisor of f and a.
25
Let l = -3444 + 3476. Let n be ((-4)/(-5))/(3/840). Calculate the greatest common factor of l and n.
32
Let s(v) = 13*v**3 - 23*v**3 + 11*v**3 - v**2 - 6*v + 26 + 3*v. Let r be s(0). Let t be (2 + -54)*(-9)/2. What is the greatest common divisor of t and r?
26
Suppose -5*j + 4*b + 137 = 0, 4*j + 4*b - b = 91. Let t be 1 + (-5)/(j/(-470)). What is the greatest common factor of 19 and t?
19
Let f = 1 - 1. Let b(w) = w**3 + w**2 - w + 149. Let k be b(f). Suppose k + 61 = 3*u. What is the highest common factor of 14 and u?
14
Let v(y) = -2*y - 3. Let d be v(-6). Let l = 241 - 196. Calculate the greatest common divisor of l and d.
9
Suppose -4*f - 2028 = -2*k, 0 = -4*k - 9*f + 5*f + 4032. Calculate the greatest common factor of k and 20.
10
Let f be 2/10 + 570/50*7. Let d = -6 - -22. Calculate the highest common divisor of d and f.
16
Suppose -3*u + 0*u = -99. Suppose -52 = 6*v - 184. Calculate the greatest common divisor of v and u.
11
Let v = 398 - 362. Calculate the highest common divisor of 16 and v.
4
Let v = 133 - 128. Calculate the highest common divisor of 25 and v.
5
Suppose 3*w - w - f = 0, 0 = -f. Suppose -9*i = -w*i - 54. Calculate the highest common divisor of 6 and i.
6
Suppose -3*l + 45 = -a - 58, -5*l - 3*a + 181 = 0. Suppose 7 + 7 = 2*g. Calculate the greatest common divisor of l and g.
7
Suppose 3*u + u + 114 = 2*o, 0 = 3*u - 3*o + 90. Let z = u + 28. What is the highest common factor of 11 and z?
1
Let i(q) = 6*q**2 - 18*q - 96. Let r be i(-4). Calculate the highest common factor of 936 and r.
72
Let j(b) = b**3 - 16*b**2 - 8*b - 171. Let y be j(18). What is the highest common factor of 9 and y?
9
Let t be 22 - (-3 + (-7)/(42/(-60))). What is the highest common factor of 1185 and t?
15
Suppose -13*s + 496 = 3*s. What is the highest common divisor of s and 93?
31
Let a = 94 - 54. Let z = a - 31. What is the greatest common divisor of z and 1?
1
Let t be (-6)/5*1785/(-14). Suppose -t = 7*p - 10*p. Calculate the greatest common divisor of 17 and p.
17
Let c be 4 + 77/(-21) + 230/3. Let o = 11 + 0. What is the highest common factor of c and o?
11
Let l = -116 + 128. Calculate the greatest common factor of l and 12.
12
Suppose -5*d + 0*d = 0. Suppose d = -h + 3*h - 28. Calculate the greatest common divisor of 14 and h.
14
Suppose -2*n = -n + y, -4*y + 16 = 0. Let d be n*6/(-4)*(-28)/(-12). What is the greatest common factor of 112 and d?
14
Let t(g) = -2*g**3 - 11*g**2 + 3*g - 6. Let q be t(-6). What is the highest common factor of q and 84?
12
Suppose -5*j = -2*j + 3*o + 159, -3*j - 2*o - 158 = 0. Let b = -40 - j. What is the highest common divisor of 96 and b?
12
Let i = -18 + 109. Calculate the highest common divisor of 26 and i.
13
Suppose c - 19 = -4*y - 8, -5*y + c + 16 = 0. Suppose -4*z = 33 - 161. Suppose -y*k + z = v + v, k = -5*v + 2. What is the highest common factor of 4 and k?
4
Let w(t) be the second derivative of 0 + 1/12*t**4 - 7/20*t**5 - t**2 + 1/6*t**3 - 2*t. Let j be w(-2). Calculate the greatest common factor of j and 7.
7
Let z be -3 + (-3 - 0)/(-3). Let s be 0 + 0 + z + 20. Calculate the greatest common factor of 18 and s.
18
Let g = 21 + -8. Let n = -3 - -5. Suppose l - 103 = -2*x, 0 = n*x + 4*l + l - 99. What is the highest common divisor of g and x?
13
Suppose 5*i - 199 = 2*p + 275, -5*i = 4*p - 462. Let m = -1223 + 1458. Calculate the greatest common divisor of i and m.
47
Suppose 1 - 17 = -8*w. Suppose 0 = w*s - 4*l - 34, -4*l = -3*s + 6 + 45. Let g = -255 - -442. What is the highest common factor of s and g?
17
Let t = -242 - -377. Suppose 2*y + 3*y - 75 = 0. Calculate the highest common divisor of y and t.
15
Let p = -161 + 167. What is the highest common divisor of p and 438?
6
Let b(m) = -3*m**2 - 133*m - 90. Let h be b(-43). What is the greatest common factor of 410 and h?
82
Suppose 0 = 5*t - 4 - 6. Suppose -7*y = -t*y - 90. What is the highest common divisor of 2 and y?
2
Let n = 16 - 17. Let q be n/5 + 208/65. Calculate the highest common divisor of q and 9.
3
Let k be -5 - (-2 - 0) - -6. Suppose 0 = -k*s - 12, 240 = 4*a + 3*s - 5*s. Let b = a + -39. Calculate the highest common divisor of b and 95.
19
Suppose -f - 37 = -14. Let u = 38 + f. Calculate the greatest common divisor of 3 and u.
3
Suppose 0 = -2*g - 3*m - 120, -2*g - 2*m - 63 = 53. Let j = g + 93. Suppose -3*k + 3*n - 6*n = -51, 2*k - 22 = n. What is the greatest common factor of j and k?
13
Let c = -1 - -13. Let h be (c/(-8))/((-1)/8). Calculate the greatest common factor of h and 30.
6
Suppose 2*n = 13 + 21. Let l = n + -13. Suppose q - 4*f - 32 = -4*q, -2*f = l*q - 10. Calculate the greatest common factor of q and 28.
4
Suppose -5*k - 23 - 12 = 0. Let p = k - -11. Suppose 4*z - 4*u = -u + 215, 2*z = -p*u + 80. What is the greatest common factor of 10 and z?
10
Let b = -5 + 10. Let a = 62 - 22. Suppose -8*k + a = -6*k. Calculate the highest common divisor of b and k.
5
Let f be 5 - -6*(-4)/(-8). Let l = 10 - 8. Suppose l*g - 144 = -g. Calculate the greatest common divisor of f and g.
8
Suppose -2*v = 5*t - 37, -v + 21 = 2*t + 1. Let n be v/(-10) - -2 - (-1596)/35. Calculate the highest common factor of n and 9.
9
Let m be 2/((-4)/(-2)) + 1. Suppose -5*p = 2*o + 29, o + 3*o = 4*p - 100. Let c be o/(-99) - ((-64)/(-9))/(-4). What is the highest common factor of m and c?
2
Suppose 5*m - 30 = -0*m. Let g = 24 - 20. Suppose 2*s - 48 = -3*l, s + 7*l = g*l + 18. What is the highest common factor of s and m?
6
Suppose -11 = -d + 3*w, 16 = 2*d - 3*w - 6. What is the highest common divisor of 451 and d?
11
Let d(x) = -x**3 + 16*x**2 - 5*x - 3. Let b be d(14). Calculate the greatest common factor of b and 29.
29
Let p = 6 - 5. Let h = 8 + p. Suppose -9 = -u + h. Calculate the greatest common factor of 36 and u.
18
Let m be (-22)/(-143) - 160/26. Let f = 4 - m. Calculate the greatest common factor of f and 25.
5
Let f = -48 + 54. Suppose -w + 4 = n - 0*n, 0 = 4*n + 3*w - 14. What is the greatest common divisor of n and f?
2
Suppose -3*f + 68 = -2*y + f, 2*y - 5*f = -69. Let k = y - -